 ((-3)/(-2))/(((-45)/12)/(-5)). Let j be l + 3/(24/4)*2. Suppose 0 = 4*y - 8*y - 2*c + 282, -j*y + 3*c = -207. List the prime factors of y.
2, 5, 7
What are the prime factors of 2494/(23/5888*16)?
2, 29, 43
Let s(w) = 271*w**2 + 50*w + 12. List the prime factors of s(-16).
2, 13, 1319
Let a = 128 - 116. Suppose w + a*w - 8970 = 0. List the prime factors of w.
2, 3, 5, 23
Suppose 0 = -13*i + 9*i + 8. Let v be (-39*(-22)/10)/(i/10). Suppose -180 = -2*c - 2*a + 6*a, 0 = 5*c - 3*a - v. List the prime factors of c.
2, 3, 7
Let b = 35003 + 1829. What are the prime factors of b?
2, 1151
Suppose 0*d = -5*d + 20. Suppose 449 = z + 5*a, -d*z = 5*a - 4*a - 1834. What are the prime factors of z?
3, 17
Let s = 46680 + -26602. What are the prime factors of s?
2, 10039
What are the prime factors of (209/6)/(5/(-20))*-30?
2, 5, 11, 19
Suppose t = 5*t - 3*r - 2851, -5*r = 3*t - 2160. Suppose -5*u + 2*u + 3*i = -1071, 2*u - i = t. What are the prime factors of u?
2, 179
Let c(k) = k**3 + 32*k**2 - 26*k - 253. What are the prime factors of c(-27)?
2, 23, 89
Let n(w) = -2*w**2 + 11*w - 8. Let b be n(4). Suppose 0 = -3*o + b*q + 2813, 4*o - 3*q = q + 3752. What are the prime factors of o?
3, 313
List the prime factors of (-152)/16*12*(-873)/6.
3, 19, 97
Suppose -13*x + 360 = -8*x. Suppose -k = 5*c - x, 0*k - c = 3*k - 146. List the prime factors of k.
47
Suppose 14*l - 133768 + 9084 = 0. List the prime factors of l.
2, 61, 73
Let c(t) be the third derivative of 0 + 7*t**2 + 0*t + 10/3*t**3 - 1/8*t**4. What are the prime factors of c(-7)?
41
Let h(b) be the third derivative of 77*b**5/60 + 13*b**4/24 - 43*b**3/6 + 134*b**2. What are the prime factors of h(4)?
17, 73
Let m(h) = 3*h**2 - h - 5 + 0*h + 4*h - 5*h. Let o be -1 + -2 + 40/(-20). What are the prime factors of m(o)?
2, 5
Let z(j) = 1842*j**2 - 58*j + 85. What are the prime factors of z(2)?
11, 23, 29
Suppose 5*f + 5*x - 8455 = 0, 14*f + 4*x = 15*f - 1671. List the prime factors of f.
7, 241
Let r = -326 - -345. Suppose -r*s + 6*s + 18577 = 0. What are the prime factors of s?
1429
Suppose -7912 = -6*d + 52784. List the prime factors of d.
2, 3, 281
Suppose -15*k + 14*k + 2*p = -26592, 0 = -k - 2*p + 26576. What are the prime factors of k?
2, 3323
Suppose l = 5*x - 11071, -3*l - 3*x - 36798 + 3621 = 0. What are the prime factors of -1 + (-6)/(-8) + l/(-36)?
307
Let w(j) = 5*j**2 + 118*j - 76. List the prime factors of w(-56).
2, 13, 173
Suppose -13*m + 28993 = -166183 - 98091. List the prime factors of m.
17, 1327
Suppose 0 = -13*y - 13*y + 173082. List the prime factors of y.
3, 7, 317
Let g(m) = m**2 - 6*m - 52. Let z be g(11). Suppose h - z = 0, -l + 1223 = -0*h + 5*h. What are the prime factors of l?
2, 151
Let q be (2 - 0)/(4*3/30). Let p be ((-6)/(-4))/((30/(-12))/q). What are the prime factors of 2/p - (1446/(-9) - -1)?
3, 53
Let x = 158 + 164. Suppose -3*c + 976 = -2*q, 3*c + q - x = 2*c. What are the prime factors of c?
2, 3
Let p = -1059 + 1602. Let w = 1020 - p. List the prime factors of w.
3, 53
Let w(t) = 1811*t**2 - 2742*t + 4. List the prime factors of w(5).
3, 17, 619
Suppose 3*r - 268760 = -5*m, 0 = -2*m - 3*r + 86493 + 21011. List the prime factors of m.
2, 6719
Let a(d) = -18*d + 10. Let x be a(1). List the prime factors of 92 - -1*(-4 - x).
2, 3
Let r = 35592 - 23650. List the prime factors of r.
2, 7, 853
Let z(u) = 13*u - 17. Let l be -2 + 17/(-3) - (-1)/(-3). Let x be z(l). Let o = x + 201. List the prime factors of o.
2, 5
Let t = -635 + 5169. List the prime factors of t.
2, 2267
Suppose 0 = 3*q - q + 2716. Let u = q - -2481. What are the prime factors of u?
1123
Let i = 1763 + -546. Let p = i + -677. List the prime factors of p.
2, 3, 5
Let q = 1071 - -3290. What are the prime factors of q?
7, 89
Suppose 118*k - 1749 = 121*k. Let y = k - -1014. What are the prime factors of y?
431
Let o be 6759 - (-6 - -14) - 6. Suppose -3*b - 3*s = -5058, 66*b + o = 70*b + 3*s. What are the prime factors of b?
7, 241
Let f = 34506 + 6998. What are the prime factors of f?
2, 1297
Suppose -5*i - 305 = t - 1395, t + 646 = 3*i. Let y(r) = 24*r - 28. Let f be y(17). Let c = f - i. List the prime factors of c.
163
Let w = 326 - 101. Let y = 1685 + -1788. Let m = w + y. What are the prime factors of m?
2, 61
Let k(b) = -b**3 + 10*b**2 + 11*b + 14. Let m(w) = -10*w**3 - 2*w - 1. Suppose 0*f - 2 = 2*f. Let t be m(f). List the prime factors of k(t).
2, 7
Let w(g) = 5*g**3 - 8*g**3 - 11*g + 6 + 4*g**3 + 10*g**2. Let d be w(-11). What are the prime factors of (3*(-112)/(-36))/(d/63)?
2, 7
Let j be (-181 + 0)/(4 + -1 + -2). Let k = 269 + j. Suppose 392 = 5*l - k. What are the prime factors of l?
2, 3
Let w = -37 + 106. Let s = 73 - w. Suppose -p + 5*b + 57 = 0, -s*p + 7*b = 2*b - 288. List the prime factors of p.
7, 11
Let v(n) = n**3 + 6*n**2 + 6*n - 74. Let i be v(6). Let b be 4 + (143 - -3) + -2. Suppose -390*j = -i*j + b. What are the prime factors of j?
37
Suppose 45*g = 117*g - 725184. What are the prime factors of g?
2, 1259
Let u(l) = 3*l**2 - 29*l + 22. Let n be u(9). Suppose n*j + 2*d = 2694, -3*d + 2697 = 67*j - 63*j. What are the prime factors of j?
2, 3, 7
Let b = -74 + -245. Let x(g) = -g**3 - g**2 - 7*g + 40. Let q be x(-8). Let f = b + q. What are the prime factors of f?
3, 5
Let n be (3 + 0)*(-106)/159. What are the prime factors of ((-4306)/n + -1)*11/22?
2, 269
Let a = 4 + -2. Suppose -w + 4*n = 19, 3*w + a*n - n = -83. Let l = 30 + w. What are the prime factors of l?
3
Let t(f) = 7*f**3 - 69*f**2 + 98*f - 28. What are the prime factors of t(18)?
2, 5051
Let o = -123 - -127. Suppose -3*h = o*x - 3942, 5*h + 359 - 2323 = -2*x. List the prime factors of x.
3, 7, 47
Suppose -49 - 338 = -3*a. Suppose -7*l - 10 = -a. Suppose -20*b + l*b + 444 = 0. List the prime factors of b.
2, 37
Let v be (-4)/(-2)*(-36)/24. List the prime factors of -2348*v/18 + 4/(-12).
17, 23
Let h(g) = 7*g**2 + 8*g - 3. Let u be h(2). Let a = u - 0. Let x = 94 - a. List the prime factors of x.
53
Let d(x) = -47*x**3 - 8*x**2 + 9*x + 16. List the prime factors of d(-5).
2, 3, 941
Let b(p) = p**2 + 2*p - 10. Let k be b(-4). Let x be ((-1)/(-2))/(k/28). What are the prime factors of (-2)/1 - x/(14/292)?
2, 3
Suppose 3*d = -372*j + 370*j + 4404, -5*j - d = -11036. What are the prime factors of j?
2, 3, 23
Let j be (-35)/(-21)*(-18)/(-5). Suppose 2127 + 1197 = j*g. What are the prime factors of g?
2, 277
Let c(a) = -29126*a - 90. List the prime factors of c(-1).
2, 7, 17, 61
Let g be (2/(-4))/(67/89110). Let q = g + 1582. What are the prime factors of q?
7, 131
Let d = 71558 + -50127. What are the prime factors of d?
29, 739
What are the prime factors of (-28433)/((7/42 - (-14)/(-12))/1)?
28433
Let v(b) = -b**2 - 17*b + 84. Let a be v(-21). Suppose a = -0*h - 3*h + 1170. What are the prime factors of h?
2, 3, 5, 13
Let n = -33618 - -47578. What are the prime factors of n?
2, 5, 349
Let r(t) = -4*t - 23. Suppose -79 - 5 = 6*f. Let q be r(f). Suppose -6*a - 3 + q = 0. List the prime factors of a.
5
Suppose 23*m = 19*m + 8. Let f(o) = 4*o**m + 2*o**2 + 8*o + 7 - 2*o**3 + 6*o**2 - 6*o**2. List the prime factors of f(-3).
7, 13
Let g be 9*(-2)/10*95/(-3). Let d = g + -61. List the prime factors of 1/(-2) - 2*87/d.
43
Suppose 100 + 36 = 2*z. List the prime factors of z/85 + 1/(10/562).
3, 19
Let q = -40449 + 123540. What are the prime factors of q?
3, 27697
Let d(s) = -s**3 + s**2 + 6*s + 2. Let z be d(3). Let q be 9/(-15)*-5 + z + -8. What are the prime factors of (q + 3)/3 + 239?
239
What are the prime factors of 2/2*6113/(-8 + 9)?
6113
Suppose -17*f + 580833 = 25*f - 9*f. What are the prime factors of f?
3, 5867
Suppose 6*m + 2 - 74 = 0. Suppose 7*x - 885 = m*x. Let k = -39 - x. What are the prime factors of k?
2, 3, 23
Let n = -42208 + 71314. What are the prime factors of n?
2, 3, 7, 11
Let s(a) = 5*a - 60. Let c be s(12). Suppose c = u - 450 + 265. List the prime factors of u.
5, 37
Let d = -570 - -589. Suppose 2*b + d*b = 2730. List the prime factors of b.
2, 5, 13
Let g(w) = w + 7. Let q(a) = -2*a + 13. Let y be q(9). Let c be g(y). Suppose b - c = 4*h - h, -3*b + 5*h = -22. List the prime factors of b.
2, 7
Suppose -6 = 3*a, -2*j + 4*a + 90 - 72 = 0. Let g = 720 + -12. Suppose -8*s + 4*s + g = -4*l, -885 = -j*s + 3*l. What a